et d(k) = k + 7. Let v be d(11). Suppose -5*b + 14 + 36 = 0. Suppose -v - 2 = -b*n. What is the units digit of n?
2
Let d(v) = -11*v - 11. Let m be d(8). Let u = 228 + m. Let f = -91 + u. What is the units digit of f?
8
Let d(g) = -4*g - 10. Let k be -15 - (-4 - (-2 + 0)). Let u be d(k). Suppose -6*o = -8*o + u. What is the tens digit of o?
2
Let p = 21 - 17. Suppose 1094 = p*m - 530. What is the hundreds digit of m?
4
What is the thousands digit of 2/(((-66)/(-176))/(2559/4))?
3
Let w = -9143 - -48393. What is the ten thousands digit of w?
3
Let l be (-81)/(-27)*(-45)/5. Let u = -3 - -2. What is the tens digit of 2*u*(l + 4)?
4
Suppose 7*h - 37*h = -8*h - 97174. What is the hundreds digit of h?
4
Let t(b) be the first derivative of -42*b**2 + 18*b - 53. What is the units digit of t(-13)?
0
Let s be (0 - (-3653)/2)/((-84)/(-168)). Suppose -s - 19183 = -22*h. What is the thousands digit of h?
1
Suppose 0 = -54*t - 198 - 342. What is the hundreds digit of t + 7048/6 - 12/(-9)?
1
Let f = -9 + 21. Let q = f + -11. What is the tens digit of (-126)/(-45)*q*45?
2
Let d(u) = -u + 34. Let v be d(-21). Suppose -v = 4*c + 353. What is the tens digit of -48*(c/12 - -5)?
6
Suppose 4*t - 6*t = -17*t + 221730. What is the units digit of t?
2
Let q = 50 + -47. Suppose -5*z - q*n - n + 1784 = 0, 5*n + 1419 = 4*z. Suppose l + 3*l = z. What is the units digit of l?
9
Let l be (-1 + -9)*(71 + (-4)/1). Let w = l - -980. What is the hundreds digit of w?
3
Suppose 4*y - 10542 = -2*v, -5274 = -6*v + 5*v - 3*y. What is the thousands digit of v?
5
Let v be 2/4 - 77/(-22). Suppose -v*a + 0*t = 4*t - 384, -3*a + 3*t + 294 = 0. Let b = a + -92. What is the units digit of b?
5
Let k(h) = h**3 - h**2 - 2*h + 3. Let q be k(2). Suppose -6*p - 3*v + 21 = -3*p, -q*v = p + 3. What is the units digit of p?
2
Let b(w) = -w**2 + 12*w - 31. Let r be b(7). Suppose 1609 = 3*l - r*z - 0*z, 1619 = 3*l + z. What is the tens digit of l?
3
Suppose -11*a + 9514 + 9593 = 0. Let n = 2474 - a. What is the tens digit of n?
3
Suppose 18*v - 52 = 38. Suppose -2*g - 4 = 0, 0*f - v*g + 339 = f. What is the tens digit of f?
4
Let l(k) = 189*k - 1. Let o(s) = -2*s. Let a(q) = l(q) + 5*o(q). What is the units digit of a(1)?
8
Suppose -b - v = -48611, 5*b + 4*v - 24122 = 218928. What is the hundreds digit of b?
6
Let i = -350 + 5271. What is the units digit of i?
1
Let n be (-1 + 2)*10/(-2). Let u(g) = -22*g**2 - 15*g - 24. Let x(a) = 10*a**2 + 8*a + 14. Let v(b) = 3*u(b) + 7*x(b). What is the tens digit of v(n)?
7
Let v be (-22)/(-2 - 5/((-100)/44)). Let y = v - -112. Suppose 0 = 2*u + 5*o - 516, -5 = y*o - 13. What is the hundreds digit of u?
2
Let b = -34867 - -69176. What is the thousands digit of b?
4
Let q(k) = 899*k + 1293. What is the thousands digit of q(4)?
4
Suppose u = 3*c + 65, u - 107 = -5*c - 18. Suppose 3*x = -u - 82. Let n = 346 + x. What is the hundreds digit of n?
2
Suppose t - 80 = -4*t. Suppose -2*x - t = 2*x. Let i(c) = c**2 + 3. What is the tens digit of i(x)?
1
Suppose 581*l - 601*l = -303380. What is the units digit of l?
9
Suppose 67*w - 84*w = -51. Suppose w*p = t + 102 - 25, 2*p + 3*t = 44. What is the units digit of p?
5
Let y(u) = 51*u - 131. Let k be y(5). Let d = 492 + k. What is the hundreds digit of d?
6
Let p(n) = -12*n**2 + 19*n - 7. Let g be p(-10). Let a = g - -2195. What is the units digit of a?
8
Suppose -4742800 = -228*i - 1147240. What is the units digit of i?
0
Suppose 0*q = 5*q + 165. Suppose 23 = 3*m + 14. What is the tens digit of -1*(6/2)/(m/q)?
3
Let t(l) = 24*l**2 + 60*l - 2495. What is the units digit of t(46)?
9
Suppose 3288 = 5*t - 23062. What is the tens digit of t?
7
Let k(b) = 1 - 21 - 8*b**3 + 6 - 32*b - 2*b**2. What is the thousands digit of k(-5)?
1
Let r = 962 + -1007. What is the thousands digit of (-59904)/r + (14/10)/(-7)?
1
Suppose 4*h = h + 15. What is the hundreds digit of (686/(-6))/((-16)/3 + h)?
3
Suppose 4*q + 4*o = 4, -2*q - 4 = -3*q - 4*o. Suppose 5256 = 5*a + 3*d, -10*a + 6*a - 3*d + 4206 = q. What is the hundreds digit of a?
0
Let h be -1 + 21 - (-5 + 7 - 5). Suppose 0 = 2*q - 5*x - 168, 3*q + 4*x = h + 206. What is the units digit of q?
9
Let d(g) = -g**3 - 5*g**2 + 1. Let u be d(-5). Let o = 152 + -138. Let l = o - u. What is the tens digit of l?
1
Let q(l) be the second derivative of -l**4/12 - l**3 - 3*l**2 + 2*l. Let v be q(-4). Suppose -290 = v*f - 12*f. What is the tens digit of f?
2
Let b(z) = 23*z**2 + 56*z - 2168. What is the thousands digit of b(22)?
0
Let p(f) = 2*f**3 + 4*f**2 - 3*f - 6. What is the tens digit of p(13)?
2
Let t = 16842 + 16248. What is the units digit of t?
0
Let t be 4/6*(11 + 10). Let y be t*((-5)/6 - 5/(-15)). What is the units digit of 1 - (1 + y) - (-8 + 8)?
7
Let a(n) = -n + 5. Let s be a(0). Suppose 2*d - s*d + 24 = 0. What is the units digit of 1242/d + (-3)/(10 - -2)?
5
Let w(f) = -f**3 - 5*f**2 - 14*f - 6. Suppose 0*z = -3*z + 15. Suppose -61 = z*h + 4*n - 14, -15 = 3*h - 2*n. What is the units digit of w(h)?
0
Let x = -446 - -451. Suppose 0 = -2*o + 5*o - 1605. Suppose 10*p - x*p = o. What is the tens digit of p?
0
Let b = -407 + 410. Suppose b*o = 4*s + 2621, 3*o - 2182 = 3*s + 437. What is the hundreds digit of o?
8
Let d(a) be the second derivative of a**4/12 - 9*a**3/2 + 211*a**2/2 - a - 45. What is the units digit of d(40)?
1
Suppose 3*k - 1620 = -2*c + 6*k, c - 832 = -4*k. Suppose -10*m + c = -4*m. What is the units digit of m?
6
Let i(a) = -34*a**3 - 13*a**2 - 51*a - 317. What is the thousands digit of i(-5)?
3
Suppose 29*m - 24*m = x - 2, 5*x = 4*m - 32. What is the thousands digit of 1636 - ((-112)/40 - x/10)?
1
Suppose 0 = -5*g + 15, -5*u + 4*g - 2 = -0. Let t(k) = -k**u - 7*k - 24 + 13*k + 6*k + 0*k. What is the units digit of t(6)?
2
Let q = 15047 - 846. What is the hundreds digit of q?
2
Let q be ((-624)/(-182))/((-2)/(-7)). Suppose -q*h - 561 = -15*h. What is the units digit of h?
7
Suppose 0 = -3*d - w + 18598 - 5105, 4 = -4*w. What is the hundreds digit of d?
4
Let l = 30848 - 4934. What is the thousands digit of l?
5
Suppose -k - 1 = -9. Let j = 3837 + -3469. Suppose 216 = k*i - j. What is the units digit of i?
3
Let v(a) = 80*a**2 - 57*a - 14. What is the units digit of v(13)?
5
Suppose 0 = 16*f + 145522 - 833522. What is the ten thousands digit of f?
4
Let b(u) = -6*u**2 - 2*u + 14. Let c(k) = -k**2 + k. Let o = 18 + -13. Let l(n) = o*c(n) - b(n). What is the units digit of l(-11)?
0
Suppose -19*b = 5*b - 1440. Let m(k) = -k - 4. Let q be m(-3). What is the units digit of (-696)/b*q/1*5?
8
Suppose 250 = -3*m + 5*m. Let g = m - 72. What is the units digit of g/(2 - 12/8)?
6
Suppose b = q + 2, 2*q - 5*b + 9 = -2*q. Let g be ((-54)/24)/(q/(-12)). Let j = g + 86. What is the units digit of j?
9
What is the thousands digit of 9*(-4)/12 - (-22644 + 5)?
2
Let v be 6*(-5 - -3)*1. Let r = v - -15. Let q(b) = 6*b**2 + b - 6. What is the units digit of q(r)?
1
Let l(b) = -1553*b**3 + 21*b**2 + 4*b + 22. What is the ten thousands digit of l(-3)?
4
Let s = -701 + 1180. Let a = -168 + s. What is the hundreds digit of a?
3
Suppose -2863*o + 240268 = -2835*o. What is the tens digit of o?
8
Suppose -3*h - k + 11 = 0, 25 = 5*k - 0*k. Suppose 5*g + h*b = -1208, -5*g + b - 1149 - 62 = 0. Let o = -150 - g. What is the tens digit of o?
9
Suppose 19387 = -13*x + 5360. What is the tens digit of (-5*4)/(26/x)?
3
Let b = -71 - -75. Suppose -9*y + b = -7*y. Suppose -2*x = y*q - 142, 2*x = -q - 10 + 156. What is the units digit of x?
5
Let s = 74 + -69. Suppose r - 323 = -s*l, -l = -r - 2*l + 303. What is the units digit of r?
8
Suppose l = -l + 142. Suppose 13957 = -l*d + 88*d. What is the tens digit of d?
2
Let g = -248 - -253. Suppose 3856 = g*w + 1206. What is the hundreds digit of w?
5
What is the units digit of 4425*44/55*255/36?
5
Let d = -3 + 122. Let m be 7/(-42)*4*11*3. Let x = d + m. What is the units digit of x?
7
Let m(x) = -32*x**3 + 4*x**2 - 6*x + 7. Let n be m(3). Let p = -429 - n. What is the units digit of p?
0
Suppose -10*r - 3*d = -15*r + 97090, -d = -5*r + 97090. Suppose 7*z = 26*z - r. What is the tens digit of z?
2
Let p(b) = b + 89. Let d(j) = -j + 2. Let a(t) = 2*d(t) + p(t). What is the units digit of a(6)?
7
What is the ten thousands digit of ((-14 - -10) + 16)*(-4918